0*y. Let n(r) = -7 - 6 + 4 - r**3 + 2*r**3 - 8*r**2 + r. Let m be n(y). Determine x(m).
7
Suppose -5*k + 10 = -0*k. Let t(f) = -2 - 3*f**k + 5*f**2 + 3 + 3*f**2 - f. Determine t(1).
5
Suppose 3*l = 6*l + 30. Let i = l + 15. Let v(a) = a**3 - 5*a**2 + a - 1. What is v(i)?
4
Let u(h) be the third derivative of h**5/120 - h**4/4 - h**3/6 - 2*h**2. Let q(p) be the first derivative of u(p). Determine q(0).
-6
Let h = -16 - -10. Let z be (12 + 6)*(-2)/h. Let a(i) = -1 - i - 4*i**2 - 3 - z*i**3 + 5*i**3. What is a(-4)?
0
Let x = -4 + 13. Let j(y) = y - 5. Let l be j(x). Let q(t) = t + 2*t**3 + l*t**3 + 1 + 0*t**3 - 3*t**3 - t**2. Determine q(-1).
-4
Let l(z) be the first derivative of -z**4/4 + 7*z**3/3 - 6*z + 25. Calculate l(7).
-6
Let p(i) be the third derivative of 0*i**3 + 0*i + i**2 + 0 - 1/12*i**4. Give p(1).
-2
Let c be 3/5 + (-7)/(-5). Let i(r) = 3*r - 3*r + 3*r + r**2 + c. What is i(-2)?
0
Suppose 4*b = 27 - 11. Let o(d) be the first derivative of -d**3/3 + 3*d**2/2 + 4*d - 1. What is o(b)?
0
Let h(u) be the second derivative of -5*u**3/6 + 2*u**2 + 2*u. Let f(g) = g - 1. Let i(z) = 11*f(z) + 2*h(z). Determine i(4).
1
Suppose -10 = 3*a - 5*a. Let w(b) be the third derivative of b**6/720 - 7*b**5/120 + b**4/12 - 4*b**2. Let x(v) be the second derivative of w(v). What is x(a)?
-2
Let k be ((-9)/6)/(6/8). Let a(q) be the second derivative of q - 1/10*q**5 + 0 - 1/6*q**3 - 1/4*q**4 - q**2. What is a(k)?
4
Let t(k) be the first derivative of k**5/120 - k**3/3 + 9. Let u(b) be the third derivative of t(b). Let r = -11 - -16. Give u(r).
5
Let y(k) = -k**2 + k + 4. Let q be (-1 - 10/(-6)) + (-11)/3. What is y(q)?
-8
Let n(v) = v**3 - 3*v**2 - 17*v + 2. Let t be n(6). Let h(q) = q**2 - 8*q. Give h(t).
0
Let v(o) be the third derivative of o**4/6 + o**3 - 40*o**2. Determine v(-4).
-10
Let f = -2 + 7. Let p(z) = -3*z**3 + 22*z**2 - 5. Let u(x) = x**3 - 7*x**2 + 2. Let d(b) = 2*p(b) + 7*u(b). Determine d(f).
4
Let a(g) = -3*g**2 + 16*g - 4. Let b(u) = u**2 - 5*u + 1. Let c(d) = 2*a(d) + 7*b(d). Calculate c(4).
3
Let o(a) be the first derivative of -a**4/4 + 4*a**3/3 - a**2 + 6*a - 6. Let g = -1 - -1. Suppose -2*s + 10 - 2 = g. Determine o(s).
-2
Let h(g) = g**3 + 3*g**2 + g. Suppose -4*c = t + 14, -2*t = -2*c + 4 - 16. Calculate h(c).
-20
Suppose -w = -0*w + 2. Suppose 3*v + 3*i = -i + 24, -2*v + 14 = 2*i. Let c(n) = -3*n**2 - 3*n + 3. Let m(k) = k**2 - 1. Let y(f) = v*m(f) + c(f). What is y(w)?
9
Let q(d) = -2*d**3 + 6*d**2 + 23*d + 5. Let k(s) = -s**3 + 3*s**2 + 11*s + 2. Let i(j) = 13*k(j) - 6*q(j). What is i(4)?
0
Suppose 3*q + 4 = 4*a, -q = -a + q + 1. Let d(j) = -j - a - 4 + 3 + 5. Calculate d(2).
1
Let h(v) = -v**3 + 4*v**2 + 2*v + 6. Let o be 2*(-1)/(-2)*-7. Let a be 68/o + 2/(-7). Let q be 2/a + 104/20. Give h(q).
-9
Let r(m) = 3 + 123*m + 0 - 124*m - 1. Let j = -3 + 9. Determine r(j).
-4
Let g(j) = j + 1. Let c(v) = 4*v + 2. Let h(d) = -2*c(d) + 10*g(d). Suppose -2*z = 6 - 36. Let k be 2/(-5) - 69/z. Determine h(k).
-4
Let f(d) be the first derivative of d**5/20 + d**4/12 - d**2/2 + 2*d + 1. Let k(g) be the first derivative of f(g). Determine k(1).
1
Let v(t) be the second derivative of -t**5/20 + 2*t**4/3 - 3*t**3/2 + 7*t**2/2 - 2*t. Let a be ((70/6)/5)/((-6)/(-18)). What is v(a)?
-7
Let f(n) be the second derivative of -n**4/12 - n**3 + n**2 + n. Let d be 30/20*(-8)/2. Give f(d).
2
Let w(l) = l**3 + l**2 - l. Let u = -32 - -34. Calculate w(u).
10
Let b(h) = 4*h + 10. Let r be b(-3). Let d(x) = x**3 + 2*x**2 + 2. Calculate d(r).
2
Let a(j) = 9*j**2 + 10*j + 4. Let y(w) = 4*w**2 + 5*w + 2. Let d(h) = 2*a(h) - 5*y(h). Calculate d(-3).
-5
Let z(q) = -q**3 - 6*q**2 - 5*q + 5. Let a be z(-4). Let b(h) = -h**3 - 7*h**2 + 2*h - 7. Give b(a).
-21
Let r(q) be the first derivative of 5*q**3/3 + q**2/2 + 3. Calculate r(-1).
4
Let v(k) be the second derivative of 3*k**5/20 - k**4/6 + k**2/2 - 2*k. Determine v(-1).
-4
Let k(r) be the first derivative of -6*r**2 - r + 10. Give k(-1).
11
Let f(g) = -7*g**2 - g + 2. Let u = -15 + 17. What is f(u)?
-28
Let u(j) be the first derivative of -2*j**3/3 - j + 7. What is u(1)?
-3
Let p(h) = 2*h**2. Let l(k) be the third derivative of -1/6*k**3 - k**2 + 1/12*k**4 + 0 - 1/120*k**6 - 1/60*k**5 + 0*k. Let o be l(1). What is p(o)?
2
Let f(c) be the first derivative of -c**4/4 + 2*c**3/3 + c**2/2 - 2*c - 2. Suppose 3*t - 13 = -4*v, 6*v + 8 = 4*t + 2*v. What is f(t)?
-8
Let b = -12 + 14. Let f(v) be the second derivative of b*v - 5*v**2 - 1/6*v**3 + 0. Determine f(-5).
-5
Let w be 18/4*(-3 - 99/(-27)). Let f(o) = -o + 3. Determine f(w).
0
Let i = -3 - -6. Let w(b) = 0 - b - 2*b**i - 1 + 1 + 2*b**2. Suppose -4*v - 1 = -5. What is w(v)?
-1
Let q(k) = k**3 - 6*k**2 - k + 4. Let j be 4*1*30/20. Let a be q(j). Let x(c) = c**2 + 2. Determine x(a).
6
Let t be 2 + -1 + 2/(-2). Suppose c = -t - 1. Let j be (0 - c)/(4/(-20)). Let d(f) = -f**3 - 6*f**2 - 4*f - 3. Determine d(j).
-8
Suppose 32 - 22 = 5*f. Let w(d) be the third derivative of -3*d**f + 1/6*d**4 + 0*d + 0 + 0*d**3 - 1/30*d**5. What is w(3)?
-6
Let r be 0 - (2 + 1 + -5). Let g(i) = -3*i**2 - 8*i - 2. Let z(y) = y**2 + 4*y + 1. Let f(p) = r*g(p) + 5*z(p). What is f(4)?
1
Let f = -29 - -34. Let h(g) = -6*g**3 + 4*g**2 - 1. Let j(v) = -5*v**3 + 4*v**2 + v - 1. Let a(z) = -4*h(z) + 5*j(z). Calculate a(f).
-1
Let p(i) = -i**2 - 3*i + 4. Let r be p(-3). Suppose 2*v - 9 = -3*f, -8*v + 3*v + 14 = -f. Suppose -v + r = -o. Let w(t) = -3*t**3 + 2*t + 1. What is w(o)?
2
Let v(m) = m + 2. Suppose -2*n + 18 = 4*a - 8*a, 0 = -4*a - 20. Calculate v(n).
1
Let k(b) be the first derivative of 2 + 1/2*b**2 - 4*b. Give k(0).
-4
Let l(f) = -3*f**2 - 2*f - 3. Let d be ((-3)/2)/((-33)/(-44)). What is l(d)?
-11
Let s be ((-6)/(-4))/(2/4). Suppose -y + s - 1 = 0. Let l(r) = 2 + y - r - 5. Calculate l(4).
-5
Let p(s) = s. Let z(y) = 2*y - 30. Let g be z(14). Let a(c) = 1 + 0 + 3*c + 2. Let u be a(g). Calculate p(u).
-3
Suppose 8*s - 5*s = g + 6, 0 = 3*s - 9. Let o = -1 + 3. Let v(a) = o*a - a + g*a - 3. Give v(2).
5
Let q(l) = 3 - 4 + l + 2. Let i(x) = -x**3 + 7*x**2 - 7*x + 1. Suppose -5*h - 2*d + 54 = 16, 0 = h + 3*d - 18. Let o be i(h). What is q(o)?
-4
Let h(i) be the first derivative of 4*i**3/3 + i**2 - 2*i + 1. Let z(u) = 9*u**2 + 3*u - 3. Let c(t) = 7*h(t) - 3*z(t). Let j be 33/(-7) - 2/7. What is c(j)?
-5
Let j(b) = -2*b + 5. Suppose -3*t - 2 = -2*c - 0*c, t + 2*c - 10 = 0. Suppose -2 = -x + t. Suppose -x*g = -g - 12. Give j(g).
-3
Suppose 0 = 5*x - 10*x + 25. Let n(j) = x - 1 - 3 - 5*j - 2. What is n(-1)?
4
Let q(y) = -5*y. Suppose 3*h + 11 = -4*m, 4*m + 8 = 7*m - h. Let s be (-1 + (2 - 0))*m. Suppose 5*x + 4 = -s. Determine q(x).
5
Let l(c) = -c**3 + 4*c**2 - 2. Let q be l(4). Let f(y) = 2*y - 2. Calculate f(q).
-6
Let c(p) = -p**2 + 7*p - 4. Let h be c(7). Let m = h - -9. Suppose -3 = 3*a + 3*x, -m*a + 5*x - 2*x = 13. Let t(r) = -r**2 - 2*r - 3. What is t(a)?
-3
Let u(g) = -3 + 4 - 2*g + 1. Let v(k) = 2*k. Let w be v(-2). What is u(w)?
10
Let k(o) = o**3 - 3*o**2 + 2*o + 1. Suppose -3*t + 3*r + 9 - 3 = 0, 4*t + r - 8 = 0. Give k(t).
1
Let i be 46/12 - ((-16)/12)/(-4). Let l(g) be the second derivative of -i*g**2 - g - 1/3*g**3 + 0. Give l(-5).
3
Suppose -6*u + u - 18 = 3*n, 4*n - 5*u - 11 = 0. Let i(l) = 5*l**3 - 2*l - 1. Give i(n).
-4
Let t(h) = h**2 + 4*h + 1. Let n be t(-5). Let d(b) = 3*b - n + b**3 + 7*b - 5*b**2 - 4*b. Determine d(4).
2
Let i = 1 - 1. Let c(o) = o**3 - o**2 - 4. Let v(p) = -2*p**3 + 3*p**3 - 9*p**2 + 8*p**2 - 5. Let a(u) = -7*c(u) + 6*v(u). Determine a(i).
-2
Let l(b) = -3*b**2 + 3*b - 9. Let z(p) = 4*p**2 - 4*p + 13. Let r(k) = -7*l(k) - 5*z(k). Determine r(2).
0
Let j(g) = 2*g**2 + g - 7. Let v(d) = -d**2 - d + 4. Let a(m) = 4*j(m) + 9*v(m). What is a(-7)?
-6
Let n = 22 - 14. Let s(c) = -c**3 + 8*c**2 + c + 2. What is s(n)?
10
Let b(j) = j**2 + 7*j + 1. Suppose 36 - 1 = -7*i. Calculate b(i).
-9
Let i(p) = -4*p**3 - p**2 - p - 1. Let j be (0/(-5) + -1)/1. Give i(j).
3
Let h(u) = -u. Let x(v) = -6*v - 2. Let n(o) = 10*h(o) - x(o). Calculate n(2).
-6
Let x(w) = -w**2 - w. Let o(g) = -4*g**2 - 2. Let l(r) = -o(r) + 5*x(r). Let v = 32 + -37. Calculate l(v).
2
Let x(w) = -3*w**3 + w + 63 - 3*w**2 - 66 + 2*w**3 - 5*w. Determine x(-4).
29
Let w be (-9)/(-2) + (-3)